[INFO] cloning repository https://github.com/hyena/rocket-auth0-example
[INFO] running `Command { std: "git" "-c" "credential.helper=" "-c" "credential.helper=/workspace/cargo-home/bin/git-credential-null" "clone" "--bare" "https://github.com/hyena/rocket-auth0-example" "/workspace/cache/git-repos/https%3A%2F%2Fgithub.com%2Fhyena%2Frocket-auth0-example", kill_on_drop: false }`
[INFO] [stderr] Cloning into bare repository '/workspace/cache/git-repos/https%3A%2F%2Fgithub.com%2Fhyena%2Frocket-auth0-example'...
[INFO] running `Command { std: "git" "rev-parse" "HEAD", kill_on_drop: false }`
[INFO] [stdout] 03c4f99fbd6f342f1fd3160abe2aea7a7a8594ef
[INFO] building hyena/rocket-auth0-example against master#881c1ac408d93bb7adaa3a51dabab9266e82eee8 for issue-85264
[INFO] running `Command { std: "git" "clone" "/workspace/cache/git-repos/https%3A%2F%2Fgithub.com%2Fhyena%2Frocket-auth0-example" "/workspace/builds/worker-13/source", kill_on_drop: false }`
[INFO] [stderr] Cloning into '/workspace/builds/worker-13/source'...
[INFO] [stderr] done.
[INFO] validating manifest of git repo https://github.com/hyena/rocket-auth0-example on toolchain 881c1ac408d93bb7adaa3a51dabab9266e82eee8
[INFO] running `Command { std: "/workspace/cargo-home/bin/cargo" "+881c1ac408d93bb7adaa3a51dabab9266e82eee8" "metadata" "--manifest-path" "Cargo.toml" "--no-deps", kill_on_drop: false }`
[INFO] started tweaking git repo https://github.com/hyena/rocket-auth0-example
[INFO] finished tweaking git repo https://github.com/hyena/rocket-auth0-example
[INFO] tweaked toml for git repo https://github.com/hyena/rocket-auth0-example written to /workspace/builds/worker-13/source/Cargo.toml
[INFO] crate git repo https://github.com/hyena/rocket-auth0-example already has a lockfile, it will not be regenerated
[INFO] running `Command { std: "/workspace/cargo-home/bin/cargo" "+881c1ac408d93bb7adaa3a51dabab9266e82eee8" "fetch" "--manifest-path" "Cargo.toml", kill_on_drop: false }`
[INFO] [stderr]     Updating git repository `https://github.com/SergioBenitez/Rocket.git`
[INFO] [stderr]  Downloading crates ...
[INFO] [stderr]   Downloaded serde v1.0.8
[INFO] [stderr]   Downloaded slug v0.1.2
[INFO] [stderr]   Downloaded humansize v1.0.1
[INFO] [stderr]   Downloaded pest v0.4.1
[INFO] [stderr]   Downloaded num_cpus v1.6.0
[INFO] [stderr]   Downloaded chrono v0.3.0
[INFO] [stderr]   Downloaded unidecode v0.2.0
[INFO] [stderr]   Downloaded native-tls v0.1.2
[INFO] [stderr]   Downloaded uuid v0.4.0
[INFO] [stderr]   Downloaded serde_derive v1.0.8
[INFO] [stderr]   Downloaded pear v0.0.8
[INFO] [stderr]   Downloaded url v1.5.0
[INFO] [stderr]   Downloaded smallvec v0.4.0
[INFO] [stderr]   Downloaded state v0.2.2
[INFO] [stderr]   Downloaded tera v0.10.7
[INFO] [stderr]   Downloaded pear_codegen v0.0.8
[INFO] [stderr]   Downloaded jsonwebtoken v2.0.2
[INFO] running `Command { std: "docker" "create" "-v" "/var/lib/crater-agent-workspace/builds/worker-13/target:/opt/rustwide/target:rw,Z" "-v" "/var/lib/crater-agent-workspace/builds/worker-13/source:/opt/rustwide/workdir:ro,Z" "-v" "/var/lib/crater-agent-workspace/cargo-home:/opt/rustwide/cargo-home:ro,Z" "-v" "/var/lib/crater-agent-workspace/rustup-home:/opt/rustwide/rustup-home:ro,Z" "-e" "SOURCE_DIR=/opt/rustwide/workdir" "-e" "CARGO_TARGET_DIR=/opt/rustwide/target" "-e" "CARGO_HOME=/opt/rustwide/cargo-home" "-e" "RUSTUP_HOME=/opt/rustwide/rustup-home" "-w" "/opt/rustwide/workdir" "-m" "1610612736" "--user" "0:0" "--network" "none" "ghcr.io/rust-lang/crates-build-env/linux@sha256:20528e8c29e4536546f0102ce88568b16ea7538393a33fcca951030f7af10457" "/opt/rustwide/cargo-home/bin/cargo" "+881c1ac408d93bb7adaa3a51dabab9266e82eee8" "metadata" "--no-deps" "--format-version=1", kill_on_drop: false }`
[INFO] [stdout] b44adf3cd865153dc206fd352f863c20efe983fe5f015faa4573759b8e03671f
[INFO] [stderr] WARNING: Your kernel does not support swap limit capabilities or the cgroup is not mounted. Memory limited without swap.
[INFO] running `Command { std: "docker" "start" "-a" "b44adf3cd865153dc206fd352f863c20efe983fe5f015faa4573759b8e03671f", kill_on_drop: false }`
[INFO] running `Command { std: "docker" "inspect" "b44adf3cd865153dc206fd352f863c20efe983fe5f015faa4573759b8e03671f", kill_on_drop: false }`
[INFO] running `Command { std: "docker" "rm" "-f" "b44adf3cd865153dc206fd352f863c20efe983fe5f015faa4573759b8e03671f", kill_on_drop: false }`
[INFO] [stdout] b44adf3cd865153dc206fd352f863c20efe983fe5f015faa4573759b8e03671f
[INFO] running `Command { std: "docker" "create" "-v" "/var/lib/crater-agent-workspace/builds/worker-13/target:/opt/rustwide/target:rw,Z" "-v" "/var/lib/crater-agent-workspace/builds/worker-13/source:/opt/rustwide/workdir:ro,Z" "-v" "/var/lib/crater-agent-workspace/cargo-home:/opt/rustwide/cargo-home:ro,Z" "-v" "/var/lib/crater-agent-workspace/rustup-home:/opt/rustwide/rustup-home:ro,Z" "-e" "SOURCE_DIR=/opt/rustwide/workdir" "-e" "CARGO_TARGET_DIR=/opt/rustwide/target" "-e" "CARGO_INCREMENTAL=0" "-e" "RUST_BACKTRACE=full" "-e" "RUSTFLAGS=--cap-lints=forbid" "-e" "CARGO_HOME=/opt/rustwide/cargo-home" "-e" "RUSTUP_HOME=/opt/rustwide/rustup-home" "-w" "/opt/rustwide/workdir" "-m" "1610612736" "--user" "0:0" "--network" "none" "ghcr.io/rust-lang/crates-build-env/linux@sha256:20528e8c29e4536546f0102ce88568b16ea7538393a33fcca951030f7af10457" "/opt/rustwide/cargo-home/bin/cargo" "+881c1ac408d93bb7adaa3a51dabab9266e82eee8" "build" "--frozen" "--message-format=json", kill_on_drop: false }`
[INFO] [stdout] dbc14e727bfc3b7fcdc892f350074517f4110acc71ceaa67c019be2e99d9fa06
[INFO] [stderr] WARNING: Your kernel does not support swap limit capabilities or the cgroup is not mounted. Memory limited without swap.
[INFO] running `Command { std: "docker" "start" "-a" "dbc14e727bfc3b7fcdc892f350074517f4110acc71ceaa67c019be2e99d9fa06", kill_on_drop: false }`
[INFO] [stderr]    Compiling libc v0.2.24
[INFO] [stderr]    Compiling gcc v0.3.51
[INFO] [stderr]    Compiling lazy_static v0.2.8
[INFO] [stderr]    Compiling version_check v0.1.2
[INFO] [stderr]    Compiling scopeguard v0.3.2
[INFO] [stderr]    Compiling either v1.1.0
[INFO] [stderr]    Compiling rayon-core v1.2.1
[INFO] [stderr]    Compiling matches v0.1.6
[INFO] [stderr]    Compiling futures v0.1.14
[INFO] [stderr]    Compiling unicode-normalization v0.1.5
[INFO] [stderr]    Compiling byteorder v1.0.0
[INFO] [stderr]    Compiling num-traits v0.1.39
[INFO] [stderr]    Compiling percent-encoding v1.0.0
[INFO] [stderr]    Compiling yansi v0.3.0
[INFO] [stderr]    Compiling pkg-config v0.3.9
[INFO] [stderr]    Compiling serde v1.0.8
[INFO] [stderr]    Compiling untrusted v0.5.0
[INFO] [stderr]    Compiling log v0.3.8
[INFO] [stderr]    Compiling safemem v0.2.0
[INFO] [stderr]    Compiling unicode-xid v0.0.4
[INFO] [stderr]    Compiling traitobject v0.1.0
[INFO] [stderr]    Compiling typeable v0.1.2
[INFO] [stderr]    Compiling rustc-demangle v0.1.4
[INFO] [stderr]    Compiling cfg-if v0.1.1
[INFO] [stderr]    Compiling language-tags v0.2.2
[INFO] [stderr]    Compiling httparse v1.2.3
[INFO] [stderr]    Compiling itoa v0.3.1
[INFO] [stderr]    Compiling quote v0.3.15
[INFO] [stderr]    Compiling openssl v0.9.14
[INFO] [stderr]    Compiling dtoa v0.4.1
[INFO] [stderr]    Compiling unidecode v0.2.0
[INFO] [stderr]    Compiling foreign-types v0.2.0
[INFO] [stderr]    Compiling pear v0.0.8
[INFO] [stderr]    Compiling state v0.2.2
[INFO] [stderr]    Compiling bitflags v0.9.1
[INFO] [stderr]    Compiling ordermap v0.2.10
[INFO] [stderr]    Compiling regex-syntax v0.4.1
[INFO] [stderr]    Compiling smallvec v0.4.0
[INFO] [stderr]    Compiling pear_codegen v0.0.8
[INFO] [stderr]    Compiling pest v0.4.1
[INFO] [stderr]    Compiling glob v0.2.11
[INFO] [stderr]    Compiling humansize v1.0.1
[INFO] [stderr]    Compiling unicode-bidi v0.3.3
[INFO] [stderr]    Compiling synom v0.11.3
[INFO] [stdout] error[E0557]: feature has been removed
[INFO] [stdout]  --> /opt/rustwide/cargo-home/registry/src/github.com-1ecc6299db9ec823/pear_codegen-0.0.8/src/lib.rs:1:45
[INFO] [stdout]   |
[INFO] [stdout] 1 | #![feature(plugin_registrar, rustc_private, quote)]
[INFO] [stdout]   |                                             ^^^^^ feature has been removed
[INFO] [stdout] 
[INFO] [stdout] 
[INFO] [stderr]    Compiling base64 v0.6.0
[INFO] [stdout] error[E0658]: trait bounds other than `Sized` on const fn parameters are unstable
[INFO] [stdout]   --> /opt/rustwide/cargo-home/registry/src/github.com-1ecc6299db9ec823/state-0.2.2/src/storage.rs:58:6
[INFO] [stdout]    |
[INFO] [stdout] 58 | impl<T: Send + Sync + 'static> Storage<T> {
[INFO] [stdout]    |      ^
[INFO] [stdout]    |
[INFO] [stdout]    = note: see issue #57563 <https://github.com/rust-lang/rust/issues/57563> for more information
[INFO] [stdout]    = help: add `#![feature(const_fn_trait_bound)]` to the crate attributes to enable
[INFO] [stdout] 
[INFO] [stdout] 
[INFO] [stdout] error[E0462]: found staticlib `rustc` instead of rlib or dylib
[INFO] [stdout]  --> /opt/rustwide/cargo-home/registry/src/github.com-1ecc6299db9ec823/pear_codegen-0.0.8/src/lib.rs:3:1
[INFO] [stdout]   |
[INFO] [stdout] 3 | extern crate rustc;
[INFO] [stdout]   | ^^^^^^^^^^^^^^^^^^^
[INFO] [stdout]   |
[INFO] [stdout]   = help: please recompile that crate using --crate-type lib
[INFO] [stdout]   = note: the following crate versions were found:
[INFO] [stdout]           crate `rustc`: /opt/rustwide/rustup-home/toolchains/881c1ac408d93bb7adaa3a51dabab9266e82eee8/lib/rustlib/x86_64-unknown-linux-gnu/lib/librustc-nightly_rt.msan.a
[INFO] [stdout]           crate `rustc`: /opt/rustwide/rustup-home/toolchains/881c1ac408d93bb7adaa3a51dabab9266e82eee8/lib/rustlib/x86_64-unknown-linux-gnu/lib/librustc-nightly_rt.lsan.a
[INFO] [stdout]           crate `rustc`: /opt/rustwide/rustup-home/toolchains/881c1ac408d93bb7adaa3a51dabab9266e82eee8/lib/rustlib/x86_64-unknown-linux-gnu/lib/librustc-nightly_rt.asan.a
[INFO] [stdout]           crate `rustc`: /opt/rustwide/rustup-home/toolchains/881c1ac408d93bb7adaa3a51dabab9266e82eee8/lib/rustlib/x86_64-unknown-linux-gnu/lib/librustc-nightly_rt.tsan.a
[INFO] [stdout] 
[INFO] [stdout] 
[INFO] [stdout] error: aborting due to 2 previous errors
[INFO] [stdout] 
[INFO] [stdout] 
[INFO] [stdout] For more information about this error, try `rustc --explain E0557`.
[INFO] [stdout] 
[INFO] [stdout] error: aborting due to previous error
[INFO] [stdout] 
[INFO] [stdout] 
[INFO] [stderr]    Compiling base64 v0.5.2
[INFO] [stdout] For more information about this error, try `rustc --explain E0658`.
[INFO] [stdout] 
[INFO] [stderr] error: could not compile `pear_codegen`
[INFO] [stderr] 
[INFO] [stderr] To learn more, run the command again with --verbose.
[INFO] [stderr] warning: build failed, waiting for other jobs to finish...
[INFO] [stderr] error: build failed
[INFO] running `Command { std: "docker" "inspect" "dbc14e727bfc3b7fcdc892f350074517f4110acc71ceaa67c019be2e99d9fa06", kill_on_drop: false }`
[INFO] running `Command { std: "docker" "rm" "-f" "dbc14e727bfc3b7fcdc892f350074517f4110acc71ceaa67c019be2e99d9fa06", kill_on_drop: false }`
[INFO] [stdout] dbc14e727bfc3b7fcdc892f350074517f4110acc71ceaa67c019be2e99d9fa06
